 of 899652?
6
What is the ten thousands digit of 2844780?
4
What is the thousands digit of 1745774?
5
What is the ten thousands digit of 576201?
7
What is the thousands digit of 12769907?
9
What is the hundred thousands digit of 5777941?
7
What is the millions digit of 15223213?
5
What is the hundreds digit of 511484?
4
What is the units digit of 988368?
8
What is the tens digit of 725163?
6
What is the millions digit of 5832031?
5
What is the tens digit of 88229?
2
What is the thousands digit of 206277?
6
What is the tens digit of 6541725?
2
What is the thousands digit of 8582607?
2
What is the hundred thousands digit of 199620?
1
What is the thousands digit of 12449336?
9
What is the units digit of 375201?
1
What is the ten thousands digit of 1642488?
4
What is the tens digit of 1402326?
2
What is the units digit of 2232713?
3
What is the hundreds digit of 28041807?
8
What is the hundreds digit of 181253?
2
What is the millions digit of 4889820?
4
What is the thousands digit of 1660889?
0
What is the ten thousands digit of 899828?
9
What is the thousands digit of 48133?
8
What is the hundred thousands digit of 392606?
3
What is the units digit of 475120?
0
What is the tens digit of 14733283?
8
What is the hundred thousands digit of 8495958?
4
What is the ten thousands digit of 816657?
1
What is the thousands digit of 2405097?
5
What is the ten millions digit of 20271387?
2
What is the thousands digit of 654393?
4
What is the tens digit of 1578846?
4
What is the hundreds digit of 7924897?
8
What is the millions digit of 20124192?
0
What is the units digit of 200807?
7
What is the units digit of 236739?
9
What is the tens digit of 52058?
5
What is the units digit of 4486535?
5
What is the thousands digit of 2987672?
7
What is the hundreds digit of 335685?
6
What is the tens digit of 2352950?
5
What is the hundreds digit of 2996075?
0
What is the hundreds digit of 14681256?
2
What is the ten millions digit of 16768820?
1
What is the ten thousands digit of 178477?
7
What is the ten millions digit of 13763122?
1
What is the ten thousands digit of 31195393?
9
What is the hundreds digit of 20783280?
2
What is the millions digit of 7549649?
7
What is the units digit of 957034?
4
What is the units digit of 13982548?
8
What is the ten thousands digit of 506263?
0
What is the units digit of 66119?
9
What is the ten thousands digit of 83953?
8
What is the thousands digit of 2243547?
3
What is the hundreds digit of 13234167?
1
What is the thousands digit of 7063372?
3
What is the tens digit of 639383?
8
What is the thousands digit of 954785?
4
What is the units digit of 928668?
8
What is the units digit of 2855486?
6
What is the hundred thousands digit of 3411773?
4
What is the tens digit of 105424?
2
What is the hundreds digit of 10054091?
0
What is the thousands digit of 14911231?
1
What is the tens digit of 274389?
8
What is the tens digit of 3113006?
0
What is the hundreds digit of 66998?
9
What is the hundred thousands digit of 397840?
3
What is the ten millions digit of 13692218?
1
What is the hundred thousands digit of 831659?
8
What is the tens digit of 608151?
5
What is the ten millions digit of 11793182?
1
What is the hundreds digit of 557662?
6
What is the units digit of 32193?
3
What is the units digit of 298854?
4
What is the units digit of 140225?
5
What is the tens digit of 23520444?
4
What is the ten thousands digit of 2444967?
4
What is the hundreds digit of 204018?
0
What is the ten millions digit of 11619389?
1
What is the ten thousands digit of 9352489?
5
What is the hundred thousands digit of 5102521?
1
What is the thousands digit of 171228?
1
What is the tens digit of 2372867?
6
What is the millions digit of 1560763?
1
What is the hundreds digit of 176904?
9
What is the thousands digit of 956910?
6
What is the millions digit of 6961687?
6
What is the millions digit of 4943331?
4
What is the units digit of 460129?
9
What is the thousands digit of 33479747?
9
What is the millions digit of 1761361?
1
What is the millions digit of 1271775?
1
What is the thousands digit of 283009?
3
What is the ten thousands digit of 3730037?
3
What is the thousands digit of 251551?
1
What is the tens digit of 3093960?
6
What is the hundred thousands digit of 384476?
3
What is the hundred thousands digit of 164748?
1
What is the thousands digit of 1312247?
2
What is the thousands digit of 104859?
4
What is the hundred thousands digit of 1268827?
2
What is the ten thousands digit of 6141849?
4
What is the millions digit of 40159581?
0
What is the ten thousands digit of 626820?
2
What is the tens digit of 1296378?
7
What is the ten thousands digit of 8914643?
1
What is the units digit of 77871?
1
What is the hundred thousands digit of 275008?
2
What is the tens digit of 21555373?
7
What is the millions digit of 1826716?
1
What is the ten millions digit of 14491210?
1
What is the ten thousands digit of 4312823?
1
What is the thousands digit of 230991?
0
What is the units digit of 5268852?
2
What is the hundred thousands digit of 512612?
5
What is the hundreds digit of 1736262?
2
What is the units digit of 245336?
6
What is the hundred thousands digit of 13611733?
6
What is the thousands digit of 400171?
0
What is the hundred thousands digit of 318068?
3
What is the units digit of 4621290?
0
What is the hundreds digit of 418472?
4
What is the tens digit of 76153?
5
What is the tens digit of 10434180?
8
What is the hundred thousands digit of 411377?
4
What is the hundred thousands digit of 6268292?
2
What is the tens digit of 1243269?
6
What is the tens digit of 5019271?
7
What is the ten thousands digit of 20347261?
4
What is the hundred thousands digit of 1048721?
0
What is the ten thousands digit of 343585?
4
What is the thousands digit of 327003?
7
What is the units digit of 264692?
2
What is the hundreds digit of 152086?
0
What is the units digit of 244606?
6
What is the thousands digit of 2802454?
2
What is the hundreds digit of 176764?
7
What is the ten thousands digit of 7691252?
9
What is the units digit of 87489?
9
What is the units digit of 106280?
0
What is the units digit of 1070677?
7
What is the millions digit of 12539752?
2
What is the units digit of 4349?
9
What is the hundreds digit of 33279615?
6
What is the units digit of 1418076?
6
What is the hundred thousands digit of 34991708?
9
What is the hundreds digit of 6245746?
7
What is the ten thousands digit of 14315516?
1
What is the tens digit of 77973?
7
What is the tens digit of 9749220?
2
What is the ten thousands digit of 3539622?
3
What is the hundred thousands digit of 7665885?
6
What is the millions digit of 3158714?
3
What is the ten thousands digit of 1615940?
1
What is the units digit of 706050?
0
What is the tens digit of 1776693?
9
What is the ten thousands digit of 148414?
4
What is the millions digit of 23242529?
3
What is the hundreds digit of 1095005?
0
What is the hundred thousands digit of 5926153?
9
What is the hundred thousands digit of 5214886?
2
What is the hundred thousands digit of 376340?
3
What is the hundred thousands digit of 20043465?
0
What is the thousands digit of 672197?
2
What is the hundred thousands digit of 140865?
1
What is the hundred thousands digit of 676676?
6
What is the tens digit of 1333282?
8
What is the hundred thousands digit of 13176765?
1
What is the thousands digit of 200356?
0
What is the hundreds digit of 1560221?
2
What is the hundreds digit of 198625?
6
What is the tens digit of 227994?
9
What is the ten millions digit of 22183228?
2
What is the thousands digit of 86261?
6
What is the tens digit of 1870072?
7
What is the tens digit of 295870?
7
What is the hundreds digit of 3376716?
7
What is the units digit of 442287?
7
What is the tens digit of 33953?
5
What is the thousands digit of 9873510?
3
What is the tens digit of 4504241?
4
What is the units digit of 610428?
8
What is the thousands digit of 1192048?
2
What is the thousands digit of 8520891?
0
What is the hundreds digit of 458884?
8
What is the units digit of 252338?
8
What is the millions digit of 6067775?
6
What is the hundred thousands digit of 32984667?
9
What is the hundred thousands digit of 8014890?
0
What is the thousands digit of 3296374?
6
What is the ten thousands